3*h, h - 41 = -j*k. What is i(k)?
7
Let g(u) = u**3 - u**2. Let t(i) = -7*i**3 + 14*i**2 - 6*i - 2. Let n(m) = 6*g(m) + t(m). Suppose -y + 0*y - 32 = -4*v, -2*v - 4*y - 2 = 0. Determine n(v).
5
Suppose 38*v - 53*v + 128*v + 226 = 0. Let l(z) = 19*z**3 - 2*z**2 - 3*z - 2. What is l(v)?
-156
Let m(b) = -b**3 - 8*b**2 - 12*b - 9. Let h be m(-6). Let c(k) be the first derivative of k**3/3 + 4*k**2 - 7*k - 14. Calculate c(h).
2
Let k be -3*(-7)/(-28) - -17*21/28. Let h(g) = -g**3 + 12*g**2 + 2*g - 20. Determine h(k).
4
Let r be 4 - (-5)/((-20)/(-48)). Let c be ((81/2)/(-3))/((-8)/r). Let o(p) = p**3 - 10*p**2 + c*p - 49*p + 31*p. Calculate o(9).
0
Let n(w) be the third derivative of -w**4/8 - w**3/6 + 39*w**2 - 2. Let p = -25 + 23. Determine n(p).
5
Let g = -151 + -15. Let d = g + 171. Let b(r) = -r**3 + 4*r**2 + 4*r + 11. What is b(d)?
6
Let w(r) = -r**3 - 5*r**2 - 2*r - 2. Let j be ((-6)/8)/(219/108 - 2). Suppose 15 = p - 7. Let y = j + p. What is w(y)?
8
Let t(m) = -m**3 + 1. Let d be t(-1). Let i(p) = p**3 + 40 + p - d*p**3 - p**2 - 72 + 34. Give i(2).
-8
Suppose 2*o - 432 = -o. Suppose 4*w = -4*q + o, 4*q + w - 168 = 5*w. Let p = -33 + q. Let r(i) = i**3 - 6*i**2 + 3*i - 8. Calculate r(p).
10
Let g(s) = -s**3 + 5*s**2 - 2*s - 2. Let c(b) = b**3 + b**2. Let k be c(1). Suppose -m - k*y = -8, -m - 5*y + y + 14 = 0. What is g(m)?
6
Let q(j) be the third derivative of -j**8/20160 + j**7/720 + j**6/90 + 3*j**5/10 - j**3/6 - 141*j**2. Let g(y) be the third derivative of q(y). Calculate g(9).
-10
Let j(m) be the first derivative of -m**4/2 - 7*m**3/3 + m**2/2 + 8*m - 1947. What is j(-4)?
20
Let w(y) be the first derivative of y**3/3 + 3*y**2 - 6*y + 2257. Calculate w(0).
-6
Suppose -4*y = 4*m + m - 49, 26 = 3*m - y. Let g(o) = -o**2 + 15*o - 52. Let q be g(m). Let a(u) = -2*u**3 - u**2 + 3*u - 3. Calculate a(q).
-17
Suppose 4 = 4*s - 0*s. Let o be (10/(-4) - s)*(-32)/56. Let t be o/((-16)/30) + 39/52. Let q(j) = 5*j - 1. Give q(t).
-16
Let p(u) = -5*u**2 + 52*u - 19. Let m be p(10). Let c(j) = -j + 21*j**3 - 1 - 22*j**3 + m - j - 2*j**2. What is c(-1)?
1
Let v(l) = 3260*l**2 - 14*l - 3259*l**2 - 24 - 2*l. Determine v(17).
-7
Let a(v) = 2*v**2 - 5*v + 8. Let i = 22493 + -22487. Calculate a(i).
50
Let f be ((-1)/(-36))/((-90)/1350 - (-4)/10). Let s(k) be the second derivative of -2*k**2 - 10*k + f*k**4 - 1/6*k**3 + 0. What is s(4)?
8
Let z(i) = 2*i - 6. Let p(o) = 2*o - 6. Let c(x) = 7*p(x) - 6*z(x). Let l(n) = -n**3 - 2*n**2 + 4. Let y be l(-2). Calculate c(y).
2
Suppose -4*q + 29 = -5*t, 4*t + 31 - 9 = 2*q. Suppose 191*i - 192*i + 2 = 0. Let r(b) = -5*b + 6 + b**i - 2*b**2 - 8. Give r(t).
-2
Let x be (8/36 + 130/(-18))*1/7. Let o(p) = 26*p**2 + p - 1. What is o(x)?
24
Let d(x) be the second derivative of x**2 - 3/4*x**4 - 1/20*x**5 - 3/2*x**3 + 5*x + 3. Let w = 7 + -15. Give d(w).
10
Suppose -2*g + g + 5*d + 3 = 0, 4*g = 2*d - 24. Let z(a) be the first derivative of -1/4*a**4 + a - 4*a**2 - 8/3*a**3 + 18. Calculate z(g).
8
Let f(m) be the third derivative of -m**6/60 + m**5/120 + m**4/24 - 22*m**3/3 + 8*m**2 - 1. Let i(g) be the first derivative of f(g). What is i(2)?
-21
Suppose 4*s - 5*u = 56, 2*s = 2*u + 17 + 7. Let l(y) = -11*y**2 + 42*y - 11. What is l(s)?
-19
Let y = -21 - -7. Let s be (102/(-119))/(4/y). Let f(i) = 13*i**2 - s*i - 12*i**2 + 2 - 4*i + 2. What is f(5)?
-6
Let s(q) = -2*q - 8. Let r(a) = a + 9. Let z = 65 + -68. Let i(n) = z*r(n) - 2*s(n). Suppose 11*p = 7*p - 8*p. Determine i(p).
-11
Let s(y) = -6*y**2 - y. Let m be s(2). Let o be (-4)/m - ((-96)/52 - 4). Let w(z) = 5 + o*z - 6 + 6*z**2 + z**3 - 2*z**3 + 4. Determine w(7).
-4
Let l be ((-4)/(-8))/(6/(-4))*-12. Suppose 4*g = 3*o - 21 + 8, -2*o + 2 = l*g. Let c(m) = -8*m**3 - 11*m**2 + 14 + 7*m**o + 0*m + m. Calculate c(-11).
3
Suppose 64*k - 66*k + 18 = 0. Let a(q) = q - k*q**2 - 124 - q**3 + 60 + 62. Determine a(-9).
-11
Let r = -1183 + 1175. Let l(b) = -7*b - 46. Calculate l(r).
10
Let m be 6 + -17 - (-276)/24. Let k(g) be the second derivative of -2/3*g**3 - m*g**2 + 0 + 5*g. Determine k(-2).
7
Let c be (-4)/12*(0 + 0). Let z(j) = j + c + 2 - j - j. Let y = 242 + -241. Determine z(y).
1
Suppose 102 = 5*f - 2*u - 2*u, 0 = 5*f - 3*u - 104. Suppose v = -f + 25. Let a(d) = -2*d + 15 - 20 + 12 + v*d. Calculate a(-6).
1
Suppose 376*o = 379*o - 24. Let z(h) = 19*h + 23*h - 2 + o - 37*h. Determine z(-4).
-14
Let x(w) = 4*w - 72. Let j be x(20). Let k(g) = -8*g - 16. Let m(s) = -s - 1. Let c(u) = -k(u) + 6*m(u). Determine c(j).
26
Suppose 2 = 2*p, 1 = -2*a - 0*p - 5*p. Let b(h) = -5*h - 16. Let i be b(a). Let z(j) = -32*j - 1. Calculate z(i).
31
Let q be (-50)/50*(-1 - -1*1). Suppose q*h = -h - 8. Let b be h/12*-5*24/(-20). Let x(l) = l + 3. Determine x(b).
-1
Let s(v) be the third derivative of -11*v**4/24 - v**2 + 291*v. Let i = -38 - -39. What is s(i)?
-11
Let b(w) = -29*w + 230. Let r(y) = -87*y + 897. Let p(k) = 7*b(k) - 2*r(k). Determine p(-6).
-10
Let k(n) = 2*n + 8. Suppose 0 = 4*v + 5*h + 8, 25*v + 5*h = 22*v - 11. Suppose v*u + 9 = -3*f, u - 2*f - 2*f = -23. Determine k(u).
-6
Let a be (-345)/115 + 1/(48/146). Let p(u) be the third derivative of 1/3*u**3 - a*u**4 + 0 + 7*u**2 + 0*u. What is p(0)?
2
Let i = 0 - -3. Let j(q) be the second derivative of -1/12*q**4 - 2*q**2 - 1/2*q**3 + 0 - 119*q. What is j(i)?
-22
Suppose 37*l - 258 = -167 - 276. Let h(a) = -a**3 - 6*a**2 - 9*a - 9. What is h(l)?
11
Let w(u) = 3*u. Let d = 2409 - 2414. Calculate w(d).
-15
Let u(j) = 6*j - 11 + 3*j**2 - 2*j - 7*j**2 + 19. What is u(-2)?
-16
Let t be 4 - (19/7 + 24/84). Let l(i) = -9*i + 2*i + 0 - t + 5*i. Suppose -167*a = -166*a - 7. Give l(a).
-15
Suppose 4*j - 8*j = -12. Let p(g) = -6*g + 15. Let m(t) = -3*t + 8. Let b(n) = -11*m(n) + 6*p(n). What is b(j)?
-7
Let n(s) be the second derivative of s**5/20 - s**4/6 - s**3/3 + 2*s**2 + 169*s. Suppose p - 3 + 0 = 0. Determine n(p).
7
Let t(f) = f**3 + 7*f**2 + 2*f + 5. Suppose -10*a - 813 = -83. Let v = a - -66. Calculate t(v).
-9
Let k(j) be the first derivative of j**3/3 - 9*j**2/2 - 9*j - 2. Suppose 397 = 14*g - 303. Suppose -3*i + 5*i - q = 20, -g = -5*i - 5*q. Determine k(i).
1
Let g = -79 + 57. Let c = 28 + g. Let r(l) = l + 4 + 4 - 1 + c. Give r(0).
13
Let p(v) be the first derivative of v**3/3 - 4*v**2 + 2*v - 1. Let s(b) = 4 - 23 + 2 + 7 + 4*b. Let i be s(4). Calculate p(i).
-10
Let v(j) be the second derivative of -j**5/20 + j**4/6 + 5*j**3/6 - j**2 - 50377*j. Suppose -3*r + 9 = -0*r. Give v(r).
4
Let a = -2361 - -2363. Let k(z) = -7*z. Give k(a).
-14
Let j(s) = -27*s - 13. Let p(n) = -39*n - 11. Let f(d) = -3*j(d) + 2*p(d). Give f(-5).
2
Let w(r) be the first derivative of r**3/3 - 15*r**2/2 - 58*r + 646. What is w(16)?
-42
Let l(h) be the second derivative of h**3/6 + 2*h**2 + h + 244. Give l(-3).
1
Let s(c) = -2*c**2 - 28 + 66*c + 4 - 44*c. Give s(10).
-4
Let a(o) be the first derivative of o**5/20 - o**4/6 + o**3/6 - o**2/2 + 16*o - 5. Let y(f) be the first derivative of a(f). Let l = 80 - 78. What is y(l)?
1
Let t(u) = 2*u**3 - 24*u**2 - u + 29. Let g be t(12). Let l(y) = -78*y + 77*y - g - 5. Determine l(-10).
-12
Let b(m) = -3*m**3 + 74*m**2 + 22*m + 67. Let h be b(25). Let g(x) = -x**2 - 5*x + 13. Let o(v) = 3*v**2 + 14*v - 39. Let z(a) = -7*g(a) - 2*o(a). What is z(h)?
-5
Let z be 4*21/140*5. Let b be 7/(-5 - (-9 + z)). Let o(c) = c**2 - 6*c - 7. Calculate o(b).
0
Let t(b) = -b**3 + 7*b**2 + b + 3. Let y(q) = -2*q**3 + 4*q**2 + q. Let c(g) = -t(g) + 2*y(g). Calculate c(-2).
23
Let i(b) = 888*b**2 - 38 + 863*b**2 + 36*b - 1753*b**2 + 155. Give i(-3).
-9
Let u(f) be the third derivative of -f**4/6 - 67*f**3/6 + 1656*f**2. Calculate u(-22).
21
Let s(o) = -o - 1. Let u(b) = 5*b - 2. Let l(n) = 6*s(n) + u(n). Let g be l(-12). Let z(j) = -j**2 + 5*j + g - 2*j - 2*j. Determine z(-4).
-16
Let b(y) = -y + 1. Let l be b(1). Let t(n) = -31*n - 3. Let a(q) = -6*q - 3. Let s(r) = 5*a(r) - t(r). Calculate s(l).
-12
Let b(j) = -4*j**2 - 2*j - 11. Let n be b(-4). Let q = n - -28. Let v = q + 33. Let l(w) = -w**3 - 5*w**2 + 5*w + 6. Determine l(v).
12
Let d(q) = 28*q**2 + 7*q + 121. Let n(h) = 13*h**2 + 4*h + 56. Let v(p) = 6*d(p) - 13*n(p). Determine v(-13).
-41
Let g be -1*((0 - 0) + (71 - -2)). Let y = g - -71. Let u(v) = -3*v**2 - v + 2. L